{"id":828,"date":"2020-11-19T19:21:46","date_gmt":"2020-11-19T18:21:46","guid":{"rendered":"https:\/\/www.julianhagen.net\/?post_type=hg_work&#038;p=828"},"modified":"2020-11-23T11:18:52","modified_gmt":"2020-11-23T10:18:52","slug":"gruenes-wohnzimmer","status":"publish","type":"hg_work","link":"https:\/\/www.julianhagen.net\/en\/arbeiten\/gruenes-wohnzimmer\/","title":{"rendered":"gr\u00fcnes Wohnzimmer"},"content":{"rendered":"","protected":false},"excerpt":{"rendered":"<p>Event series of the green party Feldkirch which takes place monthly. Designing all visual means of communication.<\/p>","protected":false},"featured_media":829,"template":"","hg_work_cat":[9,8],"class_list":["post-828","hg_work","type-hg_work","status-publish","has-post-thumbnail","hentry","hg_work_cat-corporate-design","hg_work_cat-publishing"],"yoast_head":"<!-- This site is optimized with the Yoast SEO plugin v26.8 - https:\/\/yoast.com\/product\/yoast-seo-wordpress\/ -->\n<title>gr\u00fcnes Wohnzimmer - Hagen Gestaltung<\/title>\n<meta name=\"description\" content=\"politische Veranstaltung der Vorarlberger Gr\u00fcnen in Feldkirch. Ziel: lebenswerte gestaltung der zukunft. f\u00f6rderung einer gemeinschaftlichen begegnungskultur\" \/>\n<meta name=\"robots\" content=\"index, follow, max-snippet:-1, max-image-preview:large, max-video-preview:-1\" \/>\n<link rel=\"canonical\" href=\"https:\/\/www.julianhagen.net\/en\/arbeiten\/gruenes-wohnzimmer\/\" \/>\n<meta property=\"og:locale\" content=\"en_US\" \/>\n<meta property=\"og:type\" content=\"article\" \/>\n<meta property=\"og:title\" content=\"gr\u00fcnes Wohnzimmer - Hagen Gestaltung\" \/>\n<meta property=\"og:description\" content=\"politische Veranstaltung der Vorarlberger Gr\u00fcnen in Feldkirch. Ziel: lebenswerte gestaltung der zukunft. f\u00f6rderung einer gemeinschaftlichen begegnungskultur\" \/>\n<meta property=\"og:url\" content=\"https:\/\/www.julianhagen.net\/en\/arbeiten\/gruenes-wohnzimmer\/\" \/>\n<meta property=\"og:site_name\" content=\"Hagen Gestaltung\" \/>\n<meta property=\"article:modified_time\" content=\"2020-11-23T10:18:52+00:00\" \/>\n<meta property=\"og:image\" content=\"https:\/\/www.julianhagen.net\/wp-content\/uploads\/2020\/11\/Grafik_Thumbnail_300x300px.jpg\" \/>\n\t<meta property=\"og:image:width\" content=\"625\" \/>\n\t<meta property=\"og:image:height\" content=\"625\" \/>\n\t<meta property=\"og:image:type\" content=\"image\/jpeg\" \/>\n<meta name=\"twitter:card\" content=\"summary_large_image\" \/>\n<!-- \/ Yoast SEO plugin. -->","yoast_head_json":{"title":"gr\u00fcnes Wohnzimmer - Hagen Gestaltung","description":"politische Veranstaltung der Vorarlberger Gr\u00fcnen in Feldkirch. Ziel: lebenswerte gestaltung der zukunft. f\u00f6rderung einer gemeinschaftlichen begegnungskultur","robots":{"index":"index","follow":"follow","max-snippet":"max-snippet:-1","max-image-preview":"max-image-preview:large","max-video-preview":"max-video-preview:-1"},"canonical":"https:\/\/www.julianhagen.net\/en\/arbeiten\/gruenes-wohnzimmer\/","og_locale":"en_US","og_type":"article","og_title":"gr\u00fcnes Wohnzimmer - Hagen Gestaltung","og_description":"politische Veranstaltung der Vorarlberger Gr\u00fcnen in Feldkirch. Ziel: lebenswerte gestaltung der zukunft. f\u00f6rderung einer gemeinschaftlichen begegnungskultur","og_url":"https:\/\/www.julianhagen.net\/en\/arbeiten\/gruenes-wohnzimmer\/","og_site_name":"Hagen Gestaltung","article_modified_time":"2020-11-23T10:18:52+00:00","og_image":[{"width":625,"height":625,"url":"https:\/\/www.julianhagen.net\/wp-content\/uploads\/2020\/11\/Grafik_Thumbnail_300x300px.jpg","type":"image\/jpeg"}],"twitter_card":"summary_large_image","schema":{"@context":"https:\/\/schema.org","@graph":[{"@type":"WebPage","@id":"https:\/\/www.julianhagen.net\/arbeiten\/gruenes-wohnzimmer\/","url":"https:\/\/www.julianhagen.net\/arbeiten\/gruenes-wohnzimmer\/","name":"gr\u00fcnes Wohnzimmer - Hagen Gestaltung","isPartOf":{"@id":"https:\/\/www.julianhagen.net\/#website"},"primaryImageOfPage":{"@id":"https:\/\/www.julianhagen.net\/arbeiten\/gruenes-wohnzimmer\/#primaryimage"},"image":{"@id":"https:\/\/www.julianhagen.net\/arbeiten\/gruenes-wohnzimmer\/#primaryimage"},"thumbnailUrl":"https:\/\/www.julianhagen.net\/wp-content\/uploads\/2020\/11\/Grafik_Thumbnail_300x300px.jpg","datePublished":"2020-11-19T18:21:46+00:00","dateModified":"2020-11-23T10:18:52+00:00","description":"politische Veranstaltung der Vorarlberger Gr\u00fcnen in Feldkirch. Ziel: lebenswerte gestaltung der zukunft. f\u00f6rderung einer gemeinschaftlichen begegnungskultur","breadcrumb":{"@id":"https:\/\/www.julianhagen.net\/arbeiten\/gruenes-wohnzimmer\/#breadcrumb"},"inLanguage":"en-US","potentialAction":[{"@type":"ReadAction","target":["https:\/\/www.julianhagen.net\/arbeiten\/gruenes-wohnzimmer\/"]}]},{"@type":"ImageObject","inLanguage":"en-US","@id":"https:\/\/www.julianhagen.net\/arbeiten\/gruenes-wohnzimmer\/#primaryimage","url":"https:\/\/www.julianhagen.net\/wp-content\/uploads\/2020\/11\/Grafik_Thumbnail_300x300px.jpg","contentUrl":"https:\/\/www.julianhagen.net\/wp-content\/uploads\/2020\/11\/Grafik_Thumbnail_300x300px.jpg","width":625,"height":625},{"@type":"BreadcrumbList","@id":"https:\/\/www.julianhagen.net\/arbeiten\/gruenes-wohnzimmer\/#breadcrumb","itemListElement":[{"@type":"ListItem","position":1,"name":"Startseite","item":"https:\/\/www.julianhagen.net\/"},{"@type":"ListItem","position":2,"name":"gr\u00fcnes Wohnzimmer"}]},{"@type":"WebSite","@id":"https:\/\/www.julianhagen.net\/#website","url":"https:\/\/www.julianhagen.net\/","name":"Hagen Gestaltung","description":"","publisher":{"@id":"https:\/\/www.julianhagen.net\/#\/schema\/person\/200749b7a47166e6db3baea812792a23"},"potentialAction":[{"@type":"SearchAction","target":{"@type":"EntryPoint","urlTemplate":"https:\/\/www.julianhagen.net\/?s={search_term_string}"},"query-input":{"@type":"PropertyValueSpecification","valueRequired":true,"valueName":"search_term_string"}}],"inLanguage":"en-US"},{"@type":["Person","Organization"],"@id":"https:\/\/www.julianhagen.net\/#\/schema\/person\/200749b7a47166e6db3baea812792a23","name":"julian","image":{"@type":"ImageObject","inLanguage":"en-US","@id":"https:\/\/www.julianhagen.net\/#\/schema\/person\/image\/","url":"https:\/\/www.julianhagen.net\/wp-content\/uploads\/2021\/05\/HAGEN-GESTALTUNG_H-03-01.png","contentUrl":"https:\/\/www.julianhagen.net\/wp-content\/uploads\/2021\/05\/HAGEN-GESTALTUNG_H-03-01.png","width":34,"height":32,"caption":"julian"},"logo":{"@id":"https:\/\/www.julianhagen.net\/#\/schema\/person\/image\/"}}]}},"_links":{"self":[{"href":"https:\/\/www.julianhagen.net\/en\/wp-json\/wp\/v2\/hg_work\/828","targetHints":{"allow":["GET"]}}],"collection":[{"href":"https:\/\/www.julianhagen.net\/en\/wp-json\/wp\/v2\/hg_work"}],"about":[{"href":"https:\/\/www.julianhagen.net\/en\/wp-json\/wp\/v2\/types\/hg_work"}],"wp:featuredmedia":[{"embeddable":true,"href":"https:\/\/www.julianhagen.net\/en\/wp-json\/wp\/v2\/media\/829"}],"wp:attachment":[{"href":"https:\/\/www.julianhagen.net\/en\/wp-json\/wp\/v2\/media?parent=828"}],"wp:term":[{"taxonomy":"hg_work_cat","embeddable":true,"href":"https:\/\/www.julianhagen.net\/en\/wp-json\/wp\/v2\/hg_work_cat?post=828"}],"curies":[{"name":"wp","href":"https:\/\/api.w.org\/{rel}","templated":true}]}}

grünes Wohnzimmer

<!-- This site is optimized with the Yoast SEO plugin v26.8 - https://yoast.com/product/yoast-seo-wordpress/ -->
<title>grünes Wohnzimmer - Hagen Gestaltung</title>
<meta name="description" content="politische Veranstaltung der Vorarlberger Grünen in Feldkirch. Ziel: lebenswerte gestaltung der zukunft. förderung einer gemeinschaftlichen begegnungskultur" />
<meta name="robots" content="index, follow, max-snippet:-1, max-image-preview:large, max-video-preview:-1" />
<link rel="canonical" href="https://www.julianhagen.net/en/arbeiten/gruenes-wohnzimmer/" />
<meta property="og:locale" content="en_US" />
<meta property="og:type" content="article" />
<meta property="og:title" content="grünes Wohnzimmer - Hagen Gestaltung" />
<meta property="og:description" content="politische Veranstaltung der Vorarlberger Grünen in Feldkirch. Ziel: lebenswerte gestaltung der zukunft. förderung einer gemeinschaftlichen begegnungskultur" />
<meta property="og:url" content="https://www.julianhagen.net/en/arbeiten/gruenes-wohnzimmer/" />
<meta property="og:site_name" content="Hagen Gestaltung" />
<meta property="article:modified_time" content="2020-11-23T10:18:52+00:00" />
<meta property="og:image" content="https://www.julianhagen.net/wp-content/uploads/2020/11/Grafik_Thumbnail_300x300px.jpg" />
	<meta property="og:image:width" content="625" />
	<meta property="og:image:height" content="625" />
	<meta property="og:image:type" content="image/jpeg" />
<meta name="twitter:card" content="summary_large_image" />
<!-- / Yoast SEO plugin. -->

grünes Wohnzimmer - Hagen Gestaltung

politische Veranstaltung der Vorarlberger Grünen in Feldkirch. Ziel: lebenswerte gestaltung der zukunft. förderung einer gemeinschaftlichen begegnungskultur
